).
-4
What is the value of (10 - 20) + 11 + 1 + (1 - 0)?
3
What is -9 - (43 - 21 - 28)?
-3
Evaluate 40 + -44 + (5 - -1) - 11.
-9
(0 - -1) + -576 + 555
-20
Calculate 1281 + -1241 + (-10 - 1).
29
What is the value of -8 - -2 - -4 - (1 - -11) - 1?
-15
Evaluate 6 - 6 - (30 - (-3 - -13)) - -9.
-11
Calculate -4 - (-3 - 5 - -8) - -8.
4
13 - (7 - 15) - (3 - -2)
16
Calculate 7 + (0 - (-5 - -3) - 25 - -1).
-15
What is the value of -7 + -18 + 12 + -1?
-14
-1 + 1 + 13 + (-13 - -7) - -6
13
What is the value of -15 + (10 + -2 - (22 + -24))?
-5
Calculate 8 + -13 + 3 + 9 - (-8 + -4).
19
What is the value of 2 + -1 - -2 - 0?
3
What is the value of 1 + -5 + 4 + 7 + 1?
8
What is 0 - ((-3 - (-10 - 10)) + -9)?
-8
What is -7 + -3 + (-18 - (-2 + -19))?
-7
What is the value of 23 + -50 + 27 - -4?
4
What is (3 - 1) + -4 - (-51 + 44 - -36)?
-31
What is 3 + 12 + 5 + -4 + 1 - 8?
9
What is the value of -3 - 12 - (-12 + -4)?
1
Evaluate (40 - 22) + 5 + -2 + (2 - 2).
21
What is the value of (-28 - 5) + 14 - -12?
-7
What is (11 - 1) + (-2 - (-8 + 8)) - 6?
2
Calculate -7 + 21 + (-26 - -11 - -2).
1
-1 + 4 + 1 - (11 + -10)
3
-1 - (15 + -5 + -22)
11
Calculate 615 - 655 - (-10 - -1).
-31
(-20 - (0 - 11)) + 6 + 0
-3
What is -9 - 19 - (-3 + -27)?
2
Calculate -31 + 10 + 5 + 32.
16
Calculate 15 - 1 - (-337 + 349).
2
What is (-5 - -1) + 1 + 8?
5
Calculate 18 - -2 - 14 - (3 + 1).
2
9 - 7 - -11 - -7
20
-6 - (-12 + 7) - (-2 + 4)
-3
What is the value of 17 - (72 + -28) - -28?
1
Calculate -5 + 10 + (-6 - -13).
12
What is 5 + 4 + 4 + 1 + -5 - 6?
3
Evaluate (33 - -2) + (-48 - (-29 - 10)).
26
Calculate (6 - (-10 - -6)) + -15 - 3.
-8
Evaluate -8 - (8 - (0 - 1) - (155 + -124)).
14
What is 4 + (3 - 1) + -4?
2
What is the value of 3 + 1 - (2 + 5 + 3 + -6)?
0
What is the value of (1 - -2) + (54 - 46 - (0 + 7))?
4
Calculate 32 - 20 - (26 + -24).
10
Calculate ((13 - 8) + -13 - -7 - -5) + 9.
13
What is -15 + 6 + (10 - 9 - -7)?
-1
What is (-2 - -4) + -12 - -11?
1
What is 7 + (14 - -1) + -1 + -13?
8
What is the value of -12 - (-27 + 8) - -9?
16
Evaluate 1 - (-9 - 4 - -4).
10
Calculate (-2 - -5) + (-13 - (1 + 4)).
-15
Evaluate 44 + -69 + (52 - 2).
25
What is the value of -33 - ((1 - 13) + -4)?
-17
What is the value of (10 - (-11 + 16 - 19)) + -9?
15
Evaluate (5 - 7 - 4) + 12 - -7.
13
What is -6 - -11 - 8 - (31 + 0)?
-34
What is 5 + -15 + 24 - 23?
-9
What is (7 + -9 + -5 - (-2 + -1)) + -2?
-6
What is -5 + (-6 - -2 - (-36 - -42))?
-15
What is -30 + 62 - (-5 - -6 - -14)?
17
What is -3 + (-7 - -7) + -1 + 4 - 7?
-7
What is -6 - -8 - (0 - -4)?
-2
What is (-2 - -2 - 6) + -4 - (-30 + 32)?
-12
-9 - (4 - 13) - (2 - -5 - 25)
18
Evaluate 5 - (4 - 3) - (-366 + 359).
11
Calculate (-3 - (-7 - 5)) + 182 + -209.
-18
Evaluate (15 - 40 - -26) + 19 + 10.
30
What is 2 + (-9 - (16 + -22) - (4 + -1))?
-4
2614 + -2596 - ((-2 - -3) + -1 - -7)
11
What is the value of 1 - (11 - (13 - -4) - (-3 - 22))?
-18
What is 15 - (13 + 1) - 25 - 3?
-27
What is 8 + -3 + -5 + -2 + 28?
26
Evaluate 10 - (-25 - -14 - -17).
4
Evaluate (20 - 73) + 21 + 39.
7
What is the value of (-20 - (-18 + 13)) + 31 - (5 - 1)?
12
Evaluate (-11 - (-27 + 12)) + 8 + -8.
4
What is the value of (-8 - -9 - 3 - -36) + -9 + -4?
21
Evaluate -22 - (-5 + 13 + -44).
14
Calculate -2 - 2 - 14 - (-5 - 9).
-4
Evaluate -5 + 4 + 4 - (-7 + 0 + 20).
-10
What is the value of -27 + 9 + 1 + (-13 - -7 - -6)?
-17
What is -22 - (-15 - -20) - -11?
-16
Evaluate (1 - 4) + -52 + 61 + (-18 - 1).
-13
What is -30 - (-22 + -22 + 27)?
-13
What is 4 + -4 + -23 - (-5 + -2)?
-16
(3 + -15 - -4 - -3) + 10
5
Evaluate (143 - 147) + 0 + 1.
-3
What is the value of (-13 - (-7 + 2) - -5) + -5 + -2?
-10
Evaluate 0 + -29 + 1 + 35 + -25.
-18
Evaluate -16 + -4 + (-2 - (-3 - (-5 + 13))).
-11
What is the value of 15 - (-6 - (-17 + -1 + 4)) - 30?
-23
What is the value of -12 + -2 - (31 + -45)?
0
-10 + (-26 - -10) + 24
-2
Calculate (30 - 17) + 4 + -39 - -9.
-13
33 + -42 + (-2 - -39) + 20 + -24
24
Evaluate (1 - 2) + (-1 - -4) + (-68 - -81).
15
Evaluate 8 + 1 - (14 + -27 - -25).
-3
Calculate 14 - (3 + (1 - 8 - -5) + 5).
8
Calculate -145 + 92 - (-3 + -33).
-17
(0 + -2 - -6) + 14 + (-8 - 0)
10
Evaluate (-13 - -1 - 2) + 10 + -1 + 2.
-3
Evaluate (-6 - -5 - 1) + 23 + -26 + -9.
-14
What is the value of 5 + (1 - (10 + 5 - 4))?
-5
(1 - 6) + (3 - -1 - -2) + 0
1
Evaluate (8 - 2 - 27) + 14 - (0 - 20).
13
What is ((-14 - 14) + 17 - -1) + 17?
7
Calculate 2 - 25 - (-12 + 4 + -37 + 54).
-32
What is -1 + 9 + (-19 - -11) + -15?
-15
What is the value of 19 - (1 + -4 - (-94 + 83)) - -3?
14
Evaluate -6 + 9 - (-5 + 4 - (-2 + -3)).
-1
Evaluate 9 + -31 + 9 + 31.
18
14 + -8 + -3 + -24
-21
Calculate -11 - (10 - (6 + 7)) - 2.
-10
What is the value of -29 - (-28 + (-13 - -26))?
-14
What is the value of -2 + ((8 + -13 - -4) + 5 - 2)?
0
Evaluate (0 - (18 - 9)) + 5 + 25 + -1.
20
Calculate 0 + 4 + -2 + -3 + 9.
8
Calculate (-130 - -121) + 9 + 0.
0
Calculate 3 + -1 - (-1131 + 1166).
-33
268 + -249 - (-3 - (-2 + 1))
21
What is the value of 4 + -24 - -12 - (-6 - -17)?
-19
78 + -76 - (-9 - 0)
11
-1 - -1 - -16 - (58 + -15 - 38)
11
Evaluate 10 - 16 - (-4 - (-19 - -8) - 12).
-1
Evaluate -7 + 22 + (-106 - -72).
-19
Evaluate 27 + (17 - 41) - (-8 + 0).
11
What is the value of (58 - 52) + 3 + (0 - 1)?
8
What is the value of -11 + (2 - -1) + 0 + -8 + 10?
-6
7 - (6 - -5 - 16)
12
What is the value of (-2 + 5 - (20 - 0)) + (-5 - -9)?
-13
What is the value of (5 - -17) + 19 + -55?
-14
Calculate 8 - (-5 + -5 + 17).
1
What is 5 + -7 + -1 + -10 + 8?
-5
What is the value of -8 + (15 - (2 - (-19 + 12)))?
-2
What is the value of 15 + -7 + (5 - 2) + 7?
18
4 + (-13 - 4) + 1 - -41
29
What is the value of -14 - (-13 + -10) - -8?
17
(47 - 21) + 6 + -6 + -7 + -2
17
Evaluate -29 - (-28 + 19 + (-1 - (2 + -4))).
-21
10 + 5 + -7 + (-12 - -14)
10
Calculate -6 + ((21 - 9) + -20 - -15).
1
What is the value of -44 - -52 - (26 - (2 - 4))?
-20
Calculate 1 + 6 + (-19 - -8 - 9).
-13
Calculate -8 - (-5 + 2 + (0 - 3) - -6).
-8
What is 3 + 0 - (5 + (2 - (4 + -2)))?
-2
Calculate 21 - 32 - -10 - 14.
-15
What is the value of -12 + (2 + -7 - (31 + -34))?
-14
Calculate (-7 + 0 + -1 - -16) + -16.
-8
What is -8 - 4 - -8 - 2?
-6
What is the value of -6 + (5 - (-6 - -18 - 7) - -11)?
5
What is the value of (407 - 367) + -2 + -15?
23
Calculate 3 - (6 + 19 + -17).
-5
Evaluate (-7 - -5) + 11 - 13.
-4
Calculate (2 - 11 - (10 + -13 - 9)) + 2.
5
Calculate -22 - (-12 - (18 - 15)) - 3.
-10
What is 4 + 36 - 5 - 24?
11
What is -6 + 6 + (9 - 1) - -5?
13
Evaluate 18 + -49 - -16 - 2.
-17
What is the value of 173 - 181 - (-1 + 0 + 5)?
-12
Evaluate 3 + 0 + 8 + -13 + 7.
5
What is -14 - (0 - (-5 + 30) - 0)?
11
-33 + 4 - (-20 - 1 - -32)
-40
Evaluate (-3 - -23) + -418 + 392.
-6
Evaluate (-25 + -1 + 4 - -33) + 1 + 19.
31
What is -12 + -10 + 33 + -9 + -14?
-12
What is -37 + (-11 - -61) + (-3 - -1)?
11
Evaluate (72 - 117) + (24 - -1).
-20
What is the value of -16 + 15 - (-6 + 3 + -5)?
7
What is 6 - (14 - (7 + 9 + 7))?
15
What is the value of 0 - -11 - (7 - (-4 - -9)) - 6?
3
What is the value of -5 - (-34 + 16) - (0 - 1)?
14
Calculate 39 + -58 + 25 - 18.
-12
Calculate (0 - 0) + (-1 - -5).
4
Evaluate 13 - ((-22 - -10) + -5 + 11).
19
What is -14 + -2 + (-6 - (-2 + 7 - 16))?
-11
What is -5 - -22 - 11 - 21?
-15
What is the value of 1 + -15 - (-11 - (-8 + 2 + -3))?
-12
-3 + 16 + -6 - 3 - 14
-10
Calculate 0 + -8 - (-482 - -497).
-23
1 + 8 - (-70 + 82)
-3
Evaluate -383 - -419 - (21 - -1).
14
Evaluate 4 - ((-18 - -2) + 30 - 4).
-6
What is 1 + (2 - 12) + -38 + 46?
-1
What is 9 - ((0 - -2) + (2 - -4))?
1
-6 + 4 + 1 + 2 + -1
0
Calculate -5 + (-4 - -3) + -1.
-7
Calculate 1 + 1 + 3 - (9 - 0).
-4
72 - (39 - -22) - (1 - 12)
22
What is the value of -4 - (-1 + (1 - (-12 + 7)))?
-9
Calculate (-11 - -21) + (1 - -5).
16
What is the value of 0 + (-15 - -10 - (-17 - -3))?
9
What is the value of 41 - (25 + 11 + -7)?
12
Evaluate -9 - (-49 + 18 - -15).
7
Calculate 23 + (8 - (-19 - -65)).
-15
(-2 + 11 - (56 - 46)) + 15 + 0
14
84 + -103 - (-35 + -4)
20
What is 28 + 0 - ((-24 - -41) + -6 + -11)?
28
7 + (-2 - (-11 + 7)) - (0 - -1)
8
Evaluate -25 + 49 + -22 - -15.
17
Calculate (7 - 4) + 6 + (-4 - 1) + 8.
12
What is the value of -9 - 4 - (16 - 16)?
-13
What is -5 - (13 + -12 + 15 - (-2 - 1))?
-24
What is the value of (-195 + 204 - (0 + 12)) + -25?
-